he prime factors of 40165684.
2, 13, 229, 3373
List the prime factors of 206546.
2, 61, 1693
List the prime factors of 5259217.
37, 307, 463
List the prime factors of 16285394.
2, 19, 428563
List the prime factors of 196350.
2, 3, 5, 7, 11, 17
List the prime factors of 135817.
11, 12347
List the prime factors of 12393696.
2, 3, 7, 18443
List the prime factors of 8214016.
2, 61, 263
List the prime factors of 2897780.
2, 5, 144889
What are the prime factors of 309218?
2, 7, 13, 1699
What are the prime factors of 577783?
23, 25121
List the prime factors of 15728037.
3, 13, 107, 3769
List the prime factors of 6305.
5, 13, 97
What are the prime factors of 2634697?
13, 389, 521
List the prime factors of 10675399.
7, 1525057
What are the prime factors of 11877962?
2, 37, 151, 1063
List the prime factors of 3641041.
3641041
What are the prime factors of 3694335?
3, 5, 246289
What are the prime factors of 56141?
31, 1811
List the prime factors of 409400.
2, 5, 23, 89
List the prime factors of 171971.
23, 7477
List the prime factors of 879661.
879661
What are the prime factors of 7417?
7417
What are the prime factors of 3066799?
31, 98929
List the prime factors of 55954.
2, 101, 277
What are the prime factors of 7414908?
2, 3, 47, 13147
List the prime factors of 153830.
2, 5, 15383
What are the prime factors of 2466914?
2, 29, 42533
List the prime factors of 5563787.
31, 101, 1777
List the prime factors of 2056755.
3, 5, 137117
What are the prime factors of 1662371?
23, 72277
List the prime factors of 11200773.
3, 17, 12919
List the prime factors of 1652901.
3, 37, 14891
List the prime factors of 6234161.
293, 21277
What are the prime factors of 53348?
2, 13337
List the prime factors of 12360033.
3, 7, 21799
List the prime factors of 583299.
3, 64811
What are the prime factors of 118477?
257, 461
What are the prime factors of 11925331?
11, 19, 57059
What are the prime factors of 21156825?
3, 5, 282091
List the prime factors of 12736.
2, 199
List the prime factors of 376055.
5, 75211
What are the prime factors of 8002111?
13, 59, 10433
What are the prime factors of 3518961?
3, 179, 6553
List the prime factors of 173894.
2, 7, 12421
What are the prime factors of 243761?
7, 97, 359
List the prime factors of 13117360.
2, 5, 23, 7129
List the prime factors of 450865.
5, 90173
What are the prime factors of 204829?
257, 797
List the prime factors of 7436435.
5, 31, 47977
What are the prime factors of 4679736?
2, 3, 194989
What are the prime factors of 22172552?
2, 23, 120503
What are the prime factors of 585459?
3, 7, 9293
List the prime factors of 20435.
5, 61, 67
What are the prime factors of 1012255?
5, 443, 457
List the prime factors of 5024317.
89, 56453
List the prime factors of 899285.
5, 37, 4861
What are the prime factors of 208313?
7, 29759
What are the prime factors of 15995285?
5, 37, 86461
List the prime factors of 15532628.
2, 17, 228421
What are the prime factors of 38170?
2, 5, 11, 347
List the prime factors of 14760741.
3, 4920247
What are the prime factors of 377968?
2, 23623
What are the prime factors of 2057337?
3, 228593
List the prime factors of 64416.
2, 3, 11, 61
List the prime factors of 352340.
2, 5, 79, 223
What are the prime factors of 211885?
5, 31, 1367
List the prime factors of 2373949.
31, 76579
What are the prime factors of 1256757?
3, 251, 1669
What are the prime factors of 4657825?
5, 211, 883
What are the prime factors of 14613928?
2, 7, 163, 1601
What are the prime factors of 18875179?
1609, 11731
What are the prime factors of 47202?
2, 3, 7867
List the prime factors of 2251108.
2, 151, 3727
What are the prime factors of 2613994?
2, 1306997
What are the prime factors of 39694?
2, 89, 223
List the prime factors of 22854.
2, 3, 13, 293
What are the prime factors of 3477900?
2, 3, 5, 11593
What are the prime factors of 516549?
3, 11, 1423
List the prime factors of 16526387.
1399, 11813
List the prime factors of 191343.
3, 63781
List the prime factors of 24120529.
397, 60757
List the prime factors of 8735607.
3, 23, 521
What are the prime factors of 580973?
43, 59, 229
What are the prime factors of 371611?
23, 107, 151
List the prime factors of 327368.
2, 151, 271
What are the prime factors of 55842?
2, 3, 41, 227
List the prime factors of 3091842.
2, 3, 13, 73, 181
What are the prime factors of 216829?
216829
What are the prime factors of 297778?
2, 13, 881
What are the prime factors of 7819735?
5, 7, 11, 19, 1069
List the prime factors of 3527496.
2, 3, 7, 2333
List the prime factors of 2670114.
2, 3, 445019
List the prime factors of 2345513.
1171, 2003
What are the prime factors of 129264?
2, 3, 2693
List the prime factors of 5832616.
2, 23, 31699
What are the prime factors of 972296?
2, 13, 9349
List the prime factors of 616110.
2, 3, 5, 11, 1867
What are the prime factors of 14243266?
2, 163, 43691
What are the prime factors of 1356831?
3, 7, 2393
List the prime factors of 975280.
2, 5, 73, 167
What are the prime factors of 895282?
2, 447641
What are the prime factors of 274215?
3, 5, 101, 181
List the prime factors of 233643.
3, 19, 4099
List the prime factors of 1555985.
5, 311197
List the prime factors of 31421403.
3, 13, 101, 2659
List the prime factors of 235526.
2, 117763
List the prime factors of 267596.
2, 7, 19, 503
What are the prime factors of 868060?
2, 5, 43403
List the prime factors of 17869954.
2, 89, 100393
What are the prime factors of 112871?
11, 31, 331
List the prime factors of 393993.
3, 43777
List the prime factors of 517497.
3, 17, 73, 139
What are the prime factors of 1314184?
2, 61, 2693
List the prime factors of 6166350.
2, 3, 5, 71, 193
List the prime factors of 1080392.
2, 135049
List the prime factors of 32978900.
2, 5, 329789
What are the prime factors of 616269?
3, 205423
What are the prime factors of 6819722?
2, 7, 13, 53, 101
What are the prime factors of 14765669?
29, 227, 2243
What are the prime factors of 330673?
7, 97, 487
What are the prime factors of 266112?
2, 3, 7, 11
List the prime factors of 16871437.
11, 43, 53, 673
List the prime factors of 369335.
5, 73867
What are the prime factors of 273159?
3, 67, 151
List the prime factors of 1149022.
2, 7, 82073
What are the prime factors of 15412679?
41, 293, 1283
List the prime factors of 38648.
2, 4831
List the prime factors of 10563064.
2, 31, 191, 223
What are the prime factors of 35452446?
2, 3, 17, 503, 691
List the prime factors of 3440391.
3, 1146797
List the prime factors of 2652399.
3, 193, 509
What are the prime factors of 12701381?
7, 11, 164953
What are the prime factors of 276982?
2, 19, 37, 197
List the prime factors of 3386594.
2, 43, 53, 743
What are the prime factors of 7362343?
17, 433079
List the prime factors of 480492.
2, 3, 1483
What are the prime factors of 251351?
19, 13229
What are the prime factors of 24226448?
2, 1514153
What are the prime factors of 1201846?
2, 67, 8969
List the prime factors of 16878599.
157, 107507
List the prime factors of 107244.
2, 3, 331
List the prime factors of 7695581.
43, 191, 937
What are the prime factors of 1749911?
1749911
What are the prime factors of 10440961?
277, 37693
List the prime factors of 1902370.
2, 5, 281, 677
What are the prime factors of 24766539?
3, 7, 823, 1433
List the prime factors of 243458.
2, 41, 2969
List the prime factors of 5405862.
2, 3, 7, 11, 11701
List the prime factors of 1835430.
2, 3, 5, 193, 317
List the prime factors of 51372.
2, 3, 1427
List the prime factors of 172461.
3, 57487
List the prime factors of 140413.
7, 13, 1543
What are the prime factors of 164067?
3, 17, 3217
What are the prime factors of 1081227?
3, 7, 51487
List the prime factors of 719532.
2, 3, 11, 23, 79
What are the prime factors of 1467544?
2, 13, 103, 137
List the prime factors of 1940686.
2, 11, 17, 5189
List the prime factors of 6258168.
2, 3, 7, 4139
List the prime factors of 8330966.
2, 7, 595069
List the prime factors of 369164.
2, 41, 2251
What are the prime factors of 879383?
809, 1087
List the prime factors of 187942.
2, 93971
List the prime factors of 278140.
2, 5, 13907
List the prime factors of 1535771.
31, 107, 463
List the prime factors of 104099.
41, 2539
What are the prime factors of 10424959?
31, 523, 643
List the prime factors of 132464.
2, 17, 487
List